emainder when 3035 is divided by 6?
5
Calculate the remainder when 449 is divided by 152.
145
Calculate the remainder when 270 is divided by 99.
72
Calculate the remainder when 4467 is divided by 1116.
3
Calculate the remainder when 79 is divided by 14.
9
What is the remainder when 6064 is divided by 62?
50
What is the remainder when 230 is divided by 58?
56
Calculate the remainder when 947 is divided by 8.
3
Calculate the remainder when 308 is divided by 37.
12
Calculate the remainder when 6460 is divided by 64.
60
Calculate the remainder when 1637 is divided by 43.
3
What is the remainder when 229 is divided by 29?
26
Calculate the remainder when 955 is divided by 14.
3
Calculate the remainder when 773 is divided by 43.
42
What is the remainder when 213 is divided by 41?
8
What is the remainder when 248 is divided by 40?
8
Calculate the remainder when 640 is divided by 630.
10
What is the remainder when 1311 is divided by 9?
6
What is the remainder when 801 is divided by 35?
31
Calculate the remainder when 604 is divided by 38.
34
Calculate the remainder when 7548 is divided by 2514.
6
Calculate the remainder when 30 is divided by 23.
7
Calculate the remainder when 1830 is divided by 39.
36
What is the remainder when 1833 is divided by 108?
105
What is the remainder when 258 is divided by 127?
4
Calculate the remainder when 683 is divided by 36.
35
What is the remainder when 101 is divided by 9?
2
Calculate the remainder when 34 is divided by 12.
10
Calculate the remainder when 2670 is divided by 17.
1
Calculate the remainder when 98 is divided by 22.
10
Calculate the remainder when 544 is divided by 109.
108
Calculate the remainder when 492 is divided by 164.
0
What is the remainder when 854 is divided by 95?
94
Calculate the remainder when 109 is divided by 25.
9
Calculate the remainder when 421 is divided by 219.
202
What is the remainder when 1684 is divided by 211?
207
Calculate the remainder when 431 is divided by 35.
11
Calculate the remainder when 189 is divided by 70.
49
What is the remainder when 238 is divided by 113?
12
Calculate the remainder when 2547 is divided by 106.
3
What is the remainder when 10286 is divided by 14?
10
Calculate the remainder when 19385 is divided by 74.
71
What is the remainder when 122 is divided by 44?
34
What is the remainder when 21484 is divided by 87?
82
Calculate the remainder when 459 is divided by 21.
18
Calculate the remainder when 162 is divided by 11.
8
Calculate the remainder when 85 is divided by 67.
18
What is the remainder when 624 is divided by 38?
16
Calculate the remainder when 344 is divided by 54.
20
Calculate the remainder when 162 is divided by 41.
39
Calculate the remainder when 78 is divided by 3.
0
Calculate the remainder when 313 is divided by 109.
95
What is the remainder when 6153 is divided by 38?
35
What is the remainder when 9585 is divided by 34?
31
Calculate the remainder when 49 is divided by 42.
7
Calculate the remainder when 86 is divided by 24.
14
Calculate the remainder when 35 is divided by 8.
3
What is the remainder when 3012 is divided by 22?
20
What is the remainder when 1539 is divided by 28?
27
Calculate the remainder when 280 is divided by 30.
10
What is the remainder when 1414 is divided by 177?
175
What is the remainder when 2174 is divided by 2174?
0
Calculate the remainder when 458 is divided by 77.
73
Calculate the remainder when 115 is divided by 76.
39
Calculate the remainder when 2527 is divided by 55.
52
Calculate the remainder when 804 is divided by 76.
44
Calculate the remainder when 197 is divided by 68.
61
Calculate the remainder when 475 is divided by 52.
7
Calculate the remainder when 52 is divided by 50.
2
Calculate the remainder when 41 is divided by 8.
1
Calculate the remainder when 259 is divided by 53.
47
Calculate the remainder when 17848 is divided by 35.
33
Calculate the remainder when 452 is divided by 46.
38
Calculate the remainder when 978 is divided by 28.
26
What is the remainder when 145 is divided by 23?
7
What is the remainder when 391 is divided by 384?
7
Calculate the remainder when 1222 is divided by 303.
10
Calculate the remainder when 508 is divided by 17.
15
What is the remainder when 484 is divided by 236?
12
Calculate the remainder when 717 is divided by 145.
137
Calculate the remainder when 638 is divided by 158.
6
What is the remainder when 122 is divided by 38?
8
Calculate the remainder when 250 is divided by 86.
78
What is the remainder when 259 is divided by 105?
49
What is the remainder when 188 is divided by 15?
8
Calculate the remainder when 764 is divided by 236.
56
Calculate the remainder when 329 is divided by 21.
14
Calculate the remainder when 1475 is divided by 301.
271
Calculate the remainder when 1255 is divided by 18.
13
Calculate the remainder when 1442 is divided by 94.
32
Calculate the remainder when 49 is divided by 19.
11
Calculate the remainder when 421 is divided by 385.
36
What is the remainder when 921 is divided by 14?
11
Calculate the remainder when 1659 is divided by 32.
27
Calculate the remainder when 97 is divided by 33.
31
Calculate the remainder when 115 is divided by 45.
25
What is the remainder when 438 is divided by 113?
99
What is the remainder when 15 is divided by 8?
7
What is the remainder when 131 is divided by 8?
3
What is the remainder when 26 is divided by 11?
4
What is the remainder when 494 is divided by 235?
24
What is the remainder when 389 is divided by 8?
5
Calculate the remainder when 5289 is divided by 63.
60
Calculate the remainder when 100 is divided by 32.
4
Calculate the remainder when 289 is divided by 279.
10
What is the remainder when 1151 is divided by 190?
11
Calculate the remainder when 681 is divided by 2.
1
What is the remainder when 1596 is divided by 316?
16
What is the remainder when 147 is divided by 14?
7
What is the remainder when 89 is divided by 23?
20
Calculate the remainder when 526 is divided by 50.
26
What is the remainder when 635 is divided by 160?
155
What is the remainder when 3635 is divided by 8?
3
Calculate the remainder when 147 is divided by 45.
12
Calculate the remainder when 1482 is divided by 42.
12
Calculate the remainder when 177 is divided by 164.
13
What is the remainder when 1619 is divided by 9?
8
What is the remainder when 232 is divided by 71?
19
What is the remainder when 2809 is divided by 97?
93
What is the remainder when 633 is divided by 161?
150
Calculate the remainder when 83 is divided by 39.
5
Calculate the remainder when 146 is divided by 60.
26
What is the remainder when 1737 is divided by 47?
45
What is the remainder when 808 is divided by 51?
43
What is the remainder when 225 is divided by 16?
1
What is the remainder when 1191 is divided by 257?
163
What is the remainder when 30 is divided by 13?
4
What is the remainder when 1078 is divided by 83?
82
What is the remainder when 129 is divided by 41?
6
What is the remainder when 98 is divided by 5?
3
Calculate the remainder when 160 is divided by 14.
6
Calculate the remainder when 411 is divided by 108.
87
Calculate the remainder when 290 is divided by 60.
50
What is the remainder when 184 is divided by 60?
4
What is the remainder when 395 is divided by 100?
95
Calculate the remainder when 1489 is divided by 33.
4
Calculate the remainder when 127 is divided by 3.
1
What is the remainder when 1386 is divided by 331?
62
What is the remainder when 285 is divided by 12?
9
What is the remainder when 713 is divided by 82?
57
Calculate the remainder when 5 is divided by 2.
1
Calculate the remainder when 5499 is divided by 110.
109
Calculate the remainder when 146 is divided by 68.
10
Calculate the remainder when 1500 is divided by 58.
50
Calculate the remainder when 183 is divided by 3.
0
Calculate the remainder when 144 is divided by 63.
18
Calculate the remainder when 394 is divided by 18.
16
What is the remainder when 366 is divided by 86?
22
Calculate the remainder when 1314 is divided by 327.
6
Calculate the remainder when 1293 is divided by 77.
61
What is the remainder when 235 is divided by 9?
1
Calculate the remainder when 276 is divided by 20.
16
What is the remainder when 1083 is divided by 345?
48
Calculate the remainder when 1313 is divided by 14.
11
What 